9434?
4
What is the thousands digit of 11916947?
6
What is the units digit of 1756173359?
9
What is the hundreds digit of 11977919?
9
What is the units digit of 1155046919?
9
What is the millions digit of 431350052?
1
What is the millions digit of 86239604?
6
What is the thousands digit of 3705142755?
2
What is the hundred thousands digit of 23859392?
8
What is the ten thousands digit of 1210171813?
7
What is the hundred thousands digit of 205327161?
3
What is the ten millions digit of 3161805746?
6
What is the ten thousands digit of 1963667666?
6
What is the ten thousands digit of 216262730?
6
What is the hundreds digit of 29193016?
0
What is the hundred thousands digit of 65313713?
3
What is the ten thousands digit of 520388505?
8
What is the units digit of 1088616087?
7
What is the thousands digit of 3896176770?
6
What is the tens digit of 128815644?
4
What is the thousands digit of 261399743?
9
What is the hundred millions digit of 1006066052?
0
What is the ten thousands digit of 709288391?
8
What is the hundred thousands digit of 2221799797?
7
What is the millions digit of 101682166?
1
What is the hundred thousands digit of 38290555?
2
What is the hundreds digit of 332132174?
1
What is the ten thousands digit of 387040775?
4
What is the millions digit of 124527445?
4
What is the hundred thousands digit of 11858510?
8
What is the tens digit of 641999300?
0
What is the millions digit of 49699318?
9
What is the hundreds digit of 482831242?
2
What is the units digit of 74734245?
5
What is the ten thousands digit of 5301425878?
2
What is the hundreds digit of 91573585?
5
What is the tens digit of 180398776?
7
What is the ten millions digit of 258866077?
5
What is the ten millions digit of 527603073?
2
What is the hundred thousands digit of 2139754363?
7
What is the millions digit of 6631859545?
1
What is the ten thousands digit of 90457436?
5
What is the thousands digit of 107538795?
8
What is the ten thousands digit of 7145264?
4
What is the tens digit of 25908374?
7
What is the millions digit of 1386405336?
6
What is the ten thousands digit of 288141832?
4
What is the ten millions digit of 88097385?
8
What is the thousands digit of 870705737?
5
What is the hundred millions digit of 156522874?
1
What is the hundred millions digit of 278036887?
2
What is the hundreds digit of 441952890?
8
What is the hundred thousands digit of 6315738631?
7
What is the thousands digit of 615772001?
2
What is the ten thousands digit of 80219721?
1
What is the tens digit of 864789492?
9
What is the millions digit of 2657974124?
7
What is the thousands digit of 1184870?
4
What is the thousands digit of 811557561?
7
What is the hundred thousands digit of 2591545424?
5
What is the ten millions digit of 681595958?
8
What is the ten millions digit of 193593568?
9
What is the units digit of 975261367?
7
What is the millions digit of 35967022?
5
What is the millions digit of 304614719?
4
What is the ten millions digit of 50852585?
5
What is the units digit of 769893504?
4
What is the millions digit of 794643887?
4
What is the tens digit of 1335081909?
0
What is the tens digit of 1701449?
4
What is the tens digit of 4489209236?
3
What is the units digit of 5467453?
3
What is the hundred millions digit of 403860023?
4
What is the hundreds digit of 351337356?
3
What is the ten thousands digit of 33139143?
3
What is the ten millions digit of 57768950?
5
What is the units digit of 1142579547?
7
What is the units digit of 14379033?
3
What is the ten thousands digit of 179539279?
3
What is the tens digit of 390882646?
4
What is the ten millions digit of 207298164?
0
What is the ten millions digit of 11972292?
1
What is the hundreds digit of 793958924?
9
What is the ten millions digit of 526068726?
2
What is the units digit of 42623803?
3
What is the thousands digit of 4707557367?
7
What is the hundred thousands digit of 3084290590?
2
What is the hundred millions digit of 390830367?
3
What is the tens digit of 19975976?
7
What is the hundreds digit of 1272033277?
2
What is the hundred millions digit of 597672790?
5
What is the hundred millions digit of 675331344?
6
What is the thousands digit of 127126545?
6
What is the ten thousands digit of 47717721?
1
What is the units digit of 86057605?
5
What is the ten millions digit of 37389551?
3
What is the thousands digit of 647977087?
7
What is the tens digit of 98630387?
8
What is the units digit of 60934540?
0
What is the tens digit of 228085348?
4
What is the millions digit of 1204223701?
4
What is the ten thousands digit of 47212099?
1
What is the ten thousands digit of 281235203?
3
What is the ten millions digit of 665802452?
6
What is the thousands digit of 95752940?
2
What is the ten millions digit of 243964227?
4
What is the tens digit of 79800328?
2
What is the millions digit of 1916779093?
6
What is the millions digit of 297115031?
7
What is the ten thousands digit of 6695917498?
1
What is the hundred millions digit of 168667008?
1
What is the ten thousands digit of 321044374?
4
What is the ten thousands digit of 29094150?
9
What is the hundreds digit of 1654524785?
7
What is the tens digit of 504508198?
9
What is the tens digit of 1046130546?
4
What is the tens digit of 558967237?
3
What is the hundred thousands digit of 6982959179?
9
What is the units digit of 95757239?
9
What is the tens digit of 371061888?
8
What is the units digit of 40305911?
1
What is the units digit of 143172747?
7
What is the ten thousands digit of 62951162?
5
What is the millions digit of 1184573943?
4
What is the millions digit of 1528910389?
8
What is the thousands digit of 1267892312?
2
What is the tens digit of 2029464077?
7
What is the ten thousands digit of 1143406734?
0
What is the tens digit of 911275849?
4
What is the units digit of 880585920?
0
What is the hundred thousands digit of 1527904196?
9
What is the hundred millions digit of 151668035?
1
What is the hundred millions digit of 553599523?
5
What is the millions digit of 165485846?
5
What is the units digit of 32724619?
9
What is the ten millions digit of 928733812?
2
What is the hundreds digit of 390575408?
4
What is the millions digit of 2515522175?
5
What is the billions digit of 1863260076?
1
What is the thousands digit of 5584814323?
4
What is the hundred millions digit of 269747327?
2
What is the hundred thousands digit of 57316705?
3
What is the hundred millions digit of 195353550?
1
What is the ten millions digit of 61758552?
6
What is the hundreds digit of 124562439?
4
What is the hundred thousands digit of 297058374?
0
What is the thousands digit of 840115880?
5
What is the tens digit of 1006359188?
8
What is the ten thousands digit of 23356025?
5
What is the ten millions digit of 113370652?
1
What is the units digit of 1480857513?
3
What is the billions digit of 7583849612?
7
What is the hundred thousands digit of 75763854?
7
What is the hundred millions digit of 3453774248?
4
What is the tens digit of 1083062?
6
What is the thousands digit of 1783198586?
8
What is the tens digit of 186733796?
9
What is the hundred millions digit of 4159041874?
1
What is the tens digit of 625935301?
0
What is the tens digit of 2673215043?
4
What is the units digit of 13623386?
6
What is the ten millions digit of 527393183?
2
What is the ten millions digit of 2110009720?
1
What is the ten millions digit of 11251714?
1
What is the millions digit of 53974032?
3
What is the thousands digit of 668789732?
9
What is the hundred thousands digit of 3763890204?
8
What is the millions digit of 501360223?
1
What is the units digit of 78327753?
3
What is the thousands digit of 25638962?
8
What is the ten millions digit of 7120168814?
2
What is the hundred thousands digit of 2873047545?
0
What is the hundreds digit of 913314370?
3
What is the hundred thousands digit of 23545633?
5
What is the millions digit of 474461487?
4
What is the ten millions digit of 33302304?
3
What is the hundred millions digit of 3597773143?
5
What is the millions digit of 933650230?
3
What is the millions digit of 259337420?
9
What is the ten thousands digit of 2029707296?
0
What is the ten millions digit of 617121801?
1
What is the hundreds digit of 160096589?
5
What is the thousands digit of 234804732?
4
What is the t